e 10, what is 461 - 4656?
-4195
In base 8, what is 2276754 + 2?
2276756
In base 2, what is -101 - -10100001000010001110?
10100001000010001001
In base 5, what is -1022 + 413210?
412133
In base 4, what is 1 + -321102011?
-321102010
In base 3, what is 12122210221 + 2?
12122211000
In base 13, what is 3 - -231675?
231678
In base 11, what is 419 + -1415?
-aa7
In base 12, what is -5697 - 43?
-571a
In base 5, what is 114 - 13344?
-13230
In base 8, what is -6 + -163?
-171
In base 11, what is 295 + -1140?
-956
In base 16, what is 4 - 7bd8?
-7bd4
In base 8, what is 62753 - -3?
62756
In base 15, what is -3 + 31d20?
31d1c
In base 11, what is -5104 + -4?
-5108
In base 2, what is -11 - -10010100100100111?
10010100100100100
In base 2, what is 10101000111000 - 100000?
10101000011000
In base 14, what is 0 + 31733?
31733
In base 2, what is 10100110 - 11001101010010?
-11001010101100
In base 7, what is 6 - 6222?
-6213
In base 14, what is 0 - 2626?
-2626
In base 4, what is 10 - 12103012?
-12103002
In base 5, what is -331 - 130331?
-131212
In base 16, what is -65e0bd - 5?
-65e0c2
In base 7, what is 3 - -4262241?
4262244
In base 12, what is 18900 - 0?
18900
In base 8, what is 2442300 - -2?
2442302
In base 13, what is 0 - 1219b?
-1219b
In base 7, what is -222 + 5412?
5160
In base 3, what is 1 - -202110022?
202110100
In base 13, what is 1a72 + -51?
1a21
In base 10, what is 8 - -140009?
140017
In base 9, what is 66780 - -5?
66785
In base 13, what is -10409 - 1?
-1040a
In base 3, what is 122022201101 - 20?
122022201011
In base 2, what is -101001100001100001 + -10?
-101001100001100011
In base 16, what is -a - 5820?
-582a
In base 7, what is -442 + -1056?
-1531
In base 8, what is -4744 - -300?
-4444
In base 3, what is 100012 + 11012121?
11112210
In base 7, what is -102 - 31166?
-31301
In base 16, what is 1 - 87388?
-87387
In base 9, what is 1 - -164026?
164027
In base 7, what is -5 + -1206205?
-1206213
In base 8, what is 336 - -25?
363
In base 9, what is -2 + 125362?
125360
In base 10, what is -2269 - 8?
-2277
In base 11, what is 1 + 157029?
15702a
In base 3, what is 122102 - 210002?
-10200
In base 10, what is -635673 - -6?
-635667
In base 4, what is -1232120231 - 2?
-1232120233
In base 6, what is 133 - -140034?
140211
In base 15, what is 58c1 - 17?
58a9
In base 7, what is 211 - 615?
-404
In base 14, what is -4a24 - -23?
-4a01
In base 3, what is 221 - -212202010?
212210001
In base 14, what is -5 - c504c?
-c5053
In base 16, what is -5 + 5d53?
5d4e
In base 9, what is -434 - -532?
87
In base 15, what is 102 - 2ee8?
-2de6
In base 9, what is 1385 + -713?
572
In base 4, what is 10210 - 2022?
2122
In base 5, what is -104133443 + -10?
-104134003
In base 12, what is -4 + 2a731?
2a729
In base 10, what is 324 - 13?
311
In base 15, what is -7e1 + 395?
-44b
In base 14, what is 7 + -3210?
-3207
In base 15, what is -9c78a - 5?
-9c790
In base 2, what is -1000001010101011010 - -10?
-1000001010101011000
In base 12, what is 1 - 8317?
-8316
In base 4, what is -1 + -1001123111?
-1001123112
In base 16, what is -3b9 + -23b?
-5f4
In base 14, what is 1 + 5d35?
5d36
In base 11, what is 0 + a090?
a090
In base 2, what is 1010101 - -1001010?
10011111
In base 3, what is -201122002122 + 10?
-201122002112
In base 8, what is 63 + 6663?
6746
In base 14, what is 2dd6 + -a8?
2d2c
In base 11, what is 170415 + -4?
170411
In base 4, what is -212033 - 111?
-212210
In base 9, what is 614 + -153?
451
In base 7, what is 6165 + 13?
6211
In base 16, what is -c + -5924?
-5930
In base 4, what is -120111313 + 13?
-120111300
In base 6, what is 11511100 - -2?
11511102
In base 2, what is 101 + -110110110111011?
-110110110110110
In base 2, what is -11 - -100100101110100111?
100100101110100100
In base 14, what is 15 + -da0?
-d89
In base 10, what is -2 + 246159?
246157
In base 12, what is -10 + 568b?
567b
In base 16, what is -c2c + -1?
-c2d
In base 12, what is 1a814 + a?
1a822
In base 14, what is -1669 + -db?
-1766
In base 11, what is -1831 + -a?
-1840
In base 13, what is -1 - 431bc?
-431c0
In base 4, what is 20310313 + -1?
20310312
In base 6, what is -32024443 - 0?
-32024443
In base 7, what is -1434302 - -14?
-1434255
In base 14, what is -75c + -cd?
-84b
In base 12, what is 2a9b5 - 3?
2a9b2
In base 3, what is 10 - 2021022120?
-2021022110
In base 14, what is 861 + 0?
861
In base 12, what is 2 + 741?
743
In base 6, what is -442010 - -14?
-441552
In base 10, what is 12 - -1098?
1110
In base 9, what is 33885 + 15?
34011
In base 12, what is 4a2a89 - 4?
4a2a85
In base 10, what is -492697 + -3?
-492700
In base 4, what is -300211 - 10?
-300221
In base 9, what is -284103 - -4?
-284088
In base 15, what is -b2e + 7?
-b27
In base 6, what is 5 - -43215?
43224
In base 10, what is 1 + -20716?
-20715
In base 10, what is -76 - 4334?
-4410
In base 13, what is 106 + -130?
-27
In base 4, what is -11022213020 - 11?
-11022213031
In base 13, what is -2209b - -2?
-22099
In base 12, what is 34b + 3299?
3628
In base 7, what is 3 + -123532?
-123526
In base 11, what is -1773 - 48?
-1810
In base 12, what is -688 + -31?
-6b9
In base 5, what is 211 + 2422?
3133
In base 13, what is 1 + -b724?
-b723
In base 7, what is 1023261 - 1?
1023260
In base 14, what is -21 - -3383d?
3381c
In base 12, what is 9 + 574?
581
In base 14, what is -23bd5 + -3?
-23bd8
In base 8, what is -4 + 215031?
215025
In base 16, what is -5bd - -184?
-439
In base 12, what is -4 + 98a5?
98a1
In base 10, what is -16750 - 3?
-16753
In base 16, what is b927 - 2?
b925
In base 3, what is 20222101 - 10211?
20211120
In base 3, what is 10111202 - -1011?
10112220
In base 16, what is 5a - -16d0?
172a
In base 11, what is -1 + -768974?
-768975
In base 10, what is 301802 + -4?
301798
In base 13, what is 5 - -bc7?
bcc
In base 6, what is -45400 + -10?
-45410
In base 6, what is -3 + -142102?
-142105
In base 7, what is 305623 + -5?
305615
In base 8, what is -1 + 10302?
10301
In base 14, what is 3c73 - 1a?
3c57
In base 4, what is -21321 - -133?
-21122
In base 7, what is -3453 - -114?
-3336
In base 9, what is -1025558 + -5?
-1025564
In base 3, what is 111 - -110212011?
110212122
In base 8, what is -1 + -1040637?
-1040640
In base 6, what is 221025332 - -5?
221025341
In base 15, what is -4 + 838c?
8388
In base 10, what is 3 - 18137?
-18134
In base 13, what is 8 - -93a9?
93b4
In base 4, what is -11 + -10313220?
-10313231
In base 5, what is -300101430 - 10?
-300101440
In base 14, what is -1602 + -3?
-1605
In base 6, what is -30313 + 1231?
-25042
In base 6, what is 0 + -332050?
-332050
In base 12, what is 14b34 + -69?
14a87
In base 11, what is -2a6 - 763?
-a59
In base 7, what is -103210 + 43?
-103134
In base 8, what is 35313 - -13?
35326
In base 3, what is -2021 - -20111021?
20102000
In base 14, what is -a5 - -62?
-43
In base 12, what is b410b - -5?
b4114
In base 3, what is -20210021201 - 2?
-20210021210
In base 12, what is -4 - 2b02?
-2b06
In base 6, what is -330 + 0?
-330
In base 16, what is b + 5727?
5732
In base 7, what is 6 + 3442?
3451
In base 8, what is -620 - -62?
-536
In base 14, what is 3a + -c97?
-c5b
In base 8, what is 324 - -5567?
6113
In base 15, what is 2 + -33945?
-33943
In base 7, what is 121 + -3111?
-2660
In base 2, what is 1111 - -1011010000011110?
1011010000101101
In base 2, what is 111000010101 + -1001?
111000001100
In base 16, what is -6 - 1a1?
-1a7
In base 10, what is 50293 - -3?
50296
In base 10, what is -12240 + 69?
-12171
In base 9, what is -150 + 55?
-84
In base 7, what is -4214 + -16?
-4233
In base 11, what is 12156a3 - -2?
12156a5
In base 10, what is -211 - 1779?
-1990
In base 7, what is 10361 + 1?
10362
In base 4, what is 31202023 - -10?
31202033
In base 2, what is 1100101101010 + 10?
1100101101100
In base 10, what is -1 - -2769?
2768
In base 9, what is -5312 - 54?
-5366
In base 7, what is 64333346 + -5?
64333341
In base 14, what is -29a87 + 2?
-29a85
In base 2, what is -11101 + -11001010100?
-11001110001
In base 3, what is 2111 - -21222201?
22002012
In base 10, what is -45 - 212?
-257
In base 2, what is 100 - 11011101110001?
-11011101101101
In base 6, what is -51 - 342202?
-342253
In base 10, what is 46496 - -11?
46507
In base 14, what is 89c - 2a?
872
In base 2, what is -10100100110 - 10110?
-10100111100
In base 8, what is 1674501 + 5?
1674506
In base 14, what is -118 - -47a7